{"id":703,"date":"2022-02-17T11:34:40","date_gmt":"2022-02-17T17:34:40","guid":{"rendered":"https:\/\/investiga.uned.ac.cr\/obsas\/?page_id=703"},"modified":"2026-03-10T21:06:52","modified_gmt":"2026-03-10T21:06:52","slug":"lab-agua-y-suelos","status":"publish","type":"page","link":"https:\/\/investiga.uned.ac.cr\/obsas\/lab-agua-y-suelos\/","title":{"rendered":""},"content":{"rendered":"\t\t<div data-elementor-type=\"wp-page\" data-elementor-id=\"703\" class=\"elementor elementor-703\">\n\t\t\t\t\t\t<section class=\"elementor-section elementor-top-section elementor-element elementor-element-4a16831 elementor-section-boxed elementor-section-height-default elementor-section-height-default\" data-id=\"4a16831\" data-element_type=\"section\" data-e-type=\"section\">\n\t\t\t\t\t\t<div class=\"elementor-container elementor-column-gap-default\">\n\t\t\t\t\t<div class=\"elementor-column elementor-col-100 elementor-top-column elementor-element elementor-element-a61d407\" data-id=\"a61d407\" data-element_type=\"column\" data-e-type=\"column\">\n\t\t\t<div class=\"elementor-widget-wrap elementor-element-populated\">\n\t\t\t\t\t\t<div class=\"elementor-element elementor-element-530dcf4 elementor-invisible elementor-widget elementor-widget-image\" data-id=\"530dcf4\" data-element_type=\"widget\" data-e-type=\"widget\" data-settings=\"{&quot;_animation&quot;:&quot;fadeInLeft&quot;}\" data-widget_type=\"image.default\">\n\t\t\t\t\t\t\t\t\t\t\t\t\t\t\t<img fetchpriority=\"high\" decoding=\"async\" width=\"589\" height=\"175\" src=\"https:\/\/investiga.uned.ac.cr\/obsas\/wp-content\/uploads\/sites\/11\/2025\/10\/Imagen1.png\" class=\"attachment-large size-large wp-image-2043\" alt=\"\" srcset=\"https:\/\/investiga.uned.ac.cr\/obsas\/wp-content\/uploads\/sites\/11\/2025\/10\/Imagen1.png 589w, https:\/\/investiga.uned.ac.cr\/obsas\/wp-content\/uploads\/sites\/11\/2025\/10\/Imagen1-300x89.png 300w\" sizes=\"(max-width: 589px) 100vw, 589px\" \/>\t\t\t\t\t\t\t\t\t\t\t\t\t\t\t<\/div>\n\t\t\t\t<div class=\"elementor-element elementor-element-c293a05 elementor-invisible elementor-widget elementor-widget-text-editor\" data-id=\"c293a05\" data-element_type=\"widget\" data-e-type=\"widget\" data-settings=\"{&quot;_animation&quot;:&quot;fadeInUp&quot;}\" data-widget_type=\"text-editor.default\">\n\t\t\t\t\t\t\t\t\t<p>Gracias a los esfuerzos de la Instituci\u00f3n y el INDER hoy en d\u00eda contamos con el Laboratorio de Aguas y Suelos de San Marcos de Tarraz\u00fa, ubicado contiguo a la sede de esta misma localidad. Su misi\u00f3n como laboratorio ser\u00e1 el de proporcionar servicios de laboratorio de an\u00e1lisis de aguas y suelos a caficultores, productores y personas particulares, en forma eficiente garantizando confiabilidad en resultados de los ensayos. As\u00ed mismo, el Laboratorio colabora arduamente con la comunidad cient\u00edfica, estudiantil y productores de la zona para establecer proyectos de investigaci\u00f3n seg\u00fan las necesidades de los diferentes entes del sector agropecuario que trabajan en el \u00e1rea, buscando la innovaci\u00f3n y la formaci\u00f3n seg\u00fan las nuevas tendencias del sector.<\/p><p>En este 2022 se ha logrado conformar un equipo de t\u00e9cnicos y profesionales que marcaran el inicio de actividades presenciales del laboratorio y activaci\u00f3n de las labores ordinarias. Se cuenta con una amplia gama de profesionales de distintas ramas, as\u00ed como estudiantes involucrados en el proceso que activar\u00e1n proyectos de investigaci\u00f3n en la zona y promover\u00e1n proyectos de gesti\u00f3n sostenible del agua y del suelo. As\u00ed mismo apoyaran el desarrollo del proyecto de la Finca del Rodeo del CEU San Marcos, misma que ser\u00e1 una finca modelo para el desarrollo agropecuario y manejo de recursos naturales.<\/p><p>Parte de las actividades principales proyectadas para este a\u00f1o es ofertar cursos de capacitaci\u00f3n para la comunidad por lo que pronto estaremos abriendo las puertas del laboratorio a la comunidad en general.<\/p>\t\t\t\t\t\t\t\t<\/div>\n\t\t\t\t<div class=\"elementor-element elementor-element-0fe9e61 elementor-widget-divider--view-line elementor-widget elementor-widget-divider\" data-id=\"0fe9e61\" data-element_type=\"widget\" data-e-type=\"widget\" data-widget_type=\"divider.default\">\n\t\t\t\t\t\t\t<div class=\"elementor-divider\">\n\t\t\t<span class=\"elementor-divider-separator\">\n\t\t\t\t\t\t<\/span>\n\t\t<\/div>\n\t\t\t\t\t\t<\/div>\n\t\t\t\t\t<\/div>\n\t\t<\/div>\n\t\t\t\t\t<\/div>\n\t\t<\/section>\n\t\t<div class=\"elementor-element elementor-element-fb8b2fb e-flex e-con-boxed e-con e-parent\" data-id=\"fb8b2fb\" data-element_type=\"container\" data-e-type=\"container\">\n\t\t\t\t\t<div class=\"e-con-inner\">\n\t\t\t\t<div class=\"elementor-element elementor-element-61ad224 elementor-widget elementor-widget-text-editor\" data-id=\"61ad224\" data-element_type=\"widget\" data-e-type=\"widget\" data-widget_type=\"text-editor.default\">\n\t\t\t\t\t\t\t\t\t<p>Para m\u00e1s informaci\u00f3n de clic en nuestros contactos:\u00a0<\/p>\t\t\t\t\t\t\t\t<\/div>\n\t\t\t\t\t<\/div>\n\t\t\t\t<\/div>\n\t\t<div class=\"elementor-element elementor-element-6cf01b2 e-con-full e-flex e-con e-parent\" data-id=\"6cf01b2\" data-element_type=\"container\" data-e-type=\"container\">\n\t\t<div class=\"elementor-element elementor-element-b16d28d e-con-full e-flex e-con e-child\" data-id=\"b16d28d\" data-element_type=\"container\" data-e-type=\"container\">\n\t\t\t\t<div class=\"elementor-element elementor-element-3f66c30 elementor-view-default elementor-widget elementor-widget-icon\" data-id=\"3f66c30\" data-element_type=\"widget\" data-e-type=\"widget\" data-widget_type=\"icon.default\">\n\t\t\t\t\t\t\t<div class=\"elementor-icon-wrapper\">\n\t\t\t<a class=\"elementor-icon\" href=\"https:\/\/wa.me\/message\/CDFVGNFXK7VPG1\">\n\t\t\t<svg aria-hidden=\"true\" class=\"e-font-icon-svg e-fab-whatsapp\" viewBox=\"0 0 448 512\" xmlns=\"http:\/\/www.w3.org\/2000\/svg\"><path d=\"M380.9 97.1C339 55.1 283.2 32 223.9 32c-122.4 0-222 99.6-222 222 0 39.1 10.2 77.3 29.6 111L0 480l117.7-30.9c32.4 17.7 68.9 27 106.1 27h.1c122.3 0 224.1-99.6 224.1-222 0-59.3-25.2-115-67.1-157zm-157 341.6c-33.2 0-65.7-8.9-94-25.7l-6.7-4-69.8 18.3L72 359.2l-4.4-7c-18.5-29.4-28.2-63.3-28.2-98.2 0-101.7 82.8-184.5 184.6-184.5 49.3 0 95.6 19.2 130.4 54.1 34.8 34.9 56.2 81.2 56.1 130.5 0 101.8-84.9 184.6-186.6 184.6zm101.2-138.2c-5.5-2.8-32.8-16.2-37.9-18-5.1-1.9-8.8-2.8-12.5 2.8-3.7 5.6-14.3 18-17.6 21.8-3.2 3.7-6.5 4.2-12 1.4-32.6-16.3-54-29.1-75.5-66-5.7-9.8 5.7-9.1 16.3-30.3 1.8-3.7.9-6.9-.5-9.7-1.4-2.8-12.5-30.1-17.1-41.2-4.5-10.8-9.1-9.3-12.5-9.5-3.2-.2-6.9-.2-10.6-.2-3.7 0-9.7 1.4-14.8 6.9-5.1 5.6-19.4 19-19.4 46.3 0 27.3 19.9 53.7 22.6 57.4 2.8 3.7 39.1 59.7 94.8 83.8 35.2 15.2 49 16.5 66.6 13.9 10.7-1.6 32.8-13.4 37.4-26.4 4.6-13 4.6-24.1 3.2-26.4-1.3-2.5-5-3.9-10.5-6.6z\"><\/path><\/svg>\t\t\t<\/a>\n\t\t<\/div>\n\t\t\t\t\t\t<\/div>\n\t\t\t\t<\/div>\n\t\t<div class=\"elementor-element elementor-element-0e381d4 e-con-full e-flex e-con e-child\" data-id=\"0e381d4\" data-element_type=\"container\" data-e-type=\"container\">\n\t\t\t\t<div class=\"elementor-element elementor-element-b03dcc7 elementor-view-default elementor-widget elementor-widget-icon\" data-id=\"b03dcc7\" data-element_type=\"widget\" data-e-type=\"widget\" data-widget_type=\"icon.default\">\n\t\t\t\t\t\t\t<div class=\"elementor-icon-wrapper\">\n\t\t\t<a class=\"elementor-icon\" href=\"mailto:liasinfo@uned.ac.cr\">\n\t\t\t<svg aria-hidden=\"true\" class=\"e-font-icon-svg e-fas-envelope\" viewBox=\"0 0 512 512\" xmlns=\"http:\/\/www.w3.org\/2000\/svg\"><path d=\"M502.3 190.8c3.9-3.1 9.7-.2 9.7 4.7V400c0 26.5-21.5 48-48 48H48c-26.5 0-48-21.5-48-48V195.6c0-5 5.7-7.8 9.7-4.7 22.4 17.4 52.1 39.5 154.1 113.6 21.1 15.4 56.7 47.8 92.2 47.6 35.7.3 72-32.8 92.3-47.6 102-74.1 131.6-96.3 154-113.7zM256 320c23.2.4 56.6-29.2 73.4-41.4 132.7-96.3 142.8-104.7 173.4-128.7 5.8-4.5 9.2-11.5 9.2-18.9v-19c0-26.5-21.5-48-48-48H48C21.5 64 0 85.5 0 112v19c0 7.4 3.4 14.3 9.2 18.9 30.6 23.9 40.7 32.4 173.4 128.7 16.8 12.2 50.2 41.8 73.4 41.4z\"><\/path><\/svg>\t\t\t<\/a>\n\t\t<\/div>\n\t\t\t\t\t\t<\/div>\n\t\t\t\t<\/div>\n\t\t\t\t<\/div>\n\t\t\t\t<\/div>\n\t\t","protected":false},"excerpt":{"rendered":"<p>Gracias a los esfuerzos de la Instituci\u00f3n y el INDER hoy en d\u00eda contamos con el Laboratorio de Aguas y Suelos de San Marcos de Tarraz\u00fa, ubicado contiguo a la sede de esta misma localidad. Su misi\u00f3n como laboratorio ser\u00e1 el de proporcionar servicios de laboratorio de an\u00e1lisis de aguas y suelos a caficultores, productores [&hellip;]<\/p>\n","protected":false},"author":1,"featured_media":0,"parent":0,"menu_order":0,"comment_status":"closed","ping_status":"closed","template":"","meta":{"ngg_post_thumbnail":0,"_themeisle_gutenberg_block_has_review":false,"footnotes":""},"class_list":["post-703","page","type-page","status-publish","hentry"],"_links":{"self":[{"href":"https:\/\/investiga.uned.ac.cr\/obsas\/wp-json\/wp\/v2\/pages\/703","targetHints":{"allow":["GET"]}}],"collection":[{"href":"https:\/\/investiga.uned.ac.cr\/obsas\/wp-json\/wp\/v2\/pages"}],"about":[{"href":"https:\/\/investiga.uned.ac.cr\/obsas\/wp-json\/wp\/v2\/types\/page"}],"author":[{"embeddable":true,"href":"https:\/\/investiga.uned.ac.cr\/obsas\/wp-json\/wp\/v2\/users\/1"}],"replies":[{"embeddable":true,"href":"https:\/\/investiga.uned.ac.cr\/obsas\/wp-json\/wp\/v2\/comments?post=703"}],"version-history":[{"count":11,"href":"https:\/\/investiga.uned.ac.cr\/obsas\/wp-json\/wp\/v2\/pages\/703\/revisions"}],"predecessor-version":[{"id":2182,"href":"https:\/\/investiga.uned.ac.cr\/obsas\/wp-json\/wp\/v2\/pages\/703\/revisions\/2182"}],"wp:attachment":[{"href":"https:\/\/investiga.uned.ac.cr\/obsas\/wp-json\/wp\/v2\/media?parent=703"}],"curies":[{"name":"wp","href":"https:\/\/api.w.org\/{rel}","templated":true}]}}