{"id":583,"date":"2017-05-24T16:31:14","date_gmt":"2017-05-24T16:31:14","guid":{"rendered":"https:\/\/investiga.uned.ac.cr\/cined\/?page_id=583"},"modified":"2025-11-28T03:20:18","modified_gmt":"2025-11-28T03:20:18","slug":"personal","status":"publish","type":"page","link":"https:\/\/investiga.uned.ac.cr\/cined\/personal\/","title":{"rendered":"Personal"},"content":{"rendered":"\t\t<div data-elementor-type=\"wp-page\" data-elementor-id=\"583\" class=\"elementor elementor-583\">\n\t\t\t\t\t\t<section class=\"elementor-section elementor-top-section elementor-element elementor-element-61848f1f elementor-section-boxed elementor-section-height-default elementor-section-height-default\" data-id=\"61848f1f\" data-element_type=\"section\">\n\t\t\t\t\t\t<div class=\"elementor-container elementor-column-gap-default\">\n\t\t\t\t\t<div class=\"elementor-column elementor-col-100 elementor-top-column elementor-element elementor-element-6b90561e\" data-id=\"6b90561e\" data-element_type=\"column\">\n\t\t\t<div class=\"elementor-widget-wrap elementor-element-populated\">\n\t\t\t\t\t\t<div class=\"elementor-element elementor-element-77ce91ff elementor-widget elementor-widget-text-editor\" data-id=\"77ce91ff\" data-element_type=\"widget\" data-e-type=\"widget\" data-widget_type=\"text-editor.default\">\n\t\t\t\t<div class=\"elementor-widget-container\">\n\t\t\t\t\t\t\t\t\t<p><strong>Centro de Investigaciones en Educaci\u00f3n\u00a0-CINED-<\/strong><\/p>\n<ul>\n<li>\n<p class=\"MsoNormal\">Dra. Jensy Campos C\u00e9spedes, Directora.<\/p>\n<p class=\"MsoNormal\">Dr. Alexis Segura Jim\u00e9nez, Investigador.<\/p>\n<p class=\"MsoNormal\">Dra. Jinny Cascante Ram\u00edrez, Investigadora.<\/p>\n<p class=\"MsoNormal\">M. Sc. In\u00e9s Cowan Morales, \u00a0Investigadora.<\/p>\n<p class=\"MsoNormal\">Lic. Gustavo God\u00ednez Vargas, \u00a0Investigador.<\/p>\n<p class=\"MsoNormal\">M. Sc. Jennory Benavides Elizondo, \u00a0Investigadora.<\/p>\n<p class=\"MsoNormal\">Mag. Warner Ruiz Chaves , \u00a0Investigador.<\/p>\n<p class=\"MsoNormal\">Licda. Maricruz Miranda Rojas, \u00a0Investigadora.<\/p>\n<p class=\"MsoNormal\">Licda. Dayana Camacho C\u00e9spedes, Investigadora.<\/p>\n<p class=\"MsoNormal\">Lic. Enrique P\u00e9rez Hern\u00e1ndez, Asistente de Investigaci\u00f3n.<\/p>\n<p class=\"MsoNormal\">M. Sc. Silvia Salas Gonz\u00e1lez, Investigadora<\/p>\n<\/li>\n<\/ul>\n<p><\/p>\n<figure><img fetchpriority=\"high\" decoding=\"async\" src=\"https:\/\/investiga.uned.ac.cr\/cined\/wp-content\/uploads\/sites\/9\/2025\/08\/foto-trabajo-cined-20-1024x768-1.jpg\" alt=\"\" width=\"625\" height=\"468\" \/><\/figure>\n<p><\/p>\n<p><\/p>\n<p><\/p>\t\t\t\t\t\t\t\t<\/div>\n\t\t\t\t<\/div>\n\t\t\t\t\t<\/div>\n\t\t<\/div>\n\t\t\t\t\t<\/div>\n\t\t<\/section>\n\t\t\t\t<section class=\"elementor-section elementor-top-section elementor-element elementor-element-da7e2d8 elementor-section-boxed elementor-section-height-default elementor-section-height-default\" data-id=\"da7e2d8\" data-element_type=\"section\">\n\t\t\t\t\t\t<div class=\"elementor-container elementor-column-gap-default\">\n\t\t\t\t\t<div class=\"elementor-column elementor-col-100 elementor-top-column elementor-element elementor-element-ff0b56f\" data-id=\"ff0b56f\" data-element_type=\"column\">\n\t\t\t<div class=\"elementor-widget-wrap elementor-element-populated\">\n\t\t\t\t\t\t<div class=\"elementor-element elementor-element-58bc476 elementor-widget elementor-widget-text-editor\" data-id=\"58bc476\" data-element_type=\"widget\" data-e-type=\"widget\" data-widget_type=\"text-editor.default\">\n\t\t\t\t<div class=\"elementor-widget-container\">\n\t\t\t\t\t\t\t\t\t<p>Tel: (506) 2527-2427 \/ <a href=\"https:\/\/investiga.uned.ac.cr\/cined\/contacto\/\"> Contacto <\/a>\/<a href=\"https:\/\/www.uned.ac.cr\/index.php\/aviso-legal\"> Aviso legal <\/a> \/ <a href=\"https:\/\/www.uned.ac.cr\">UNED <\/a><\/p>\t\t\t\t\t\t\t\t<\/div>\n\t\t\t\t<\/div>\n\t\t\t\t\t<\/div>\n\t\t<\/div>\n\t\t\t\t\t<\/div>\n\t\t<\/section>\n\t\t\t\t<\/div>\n\t\t","protected":false},"excerpt":{"rendered":"<p>Centro de Investigaciones en Educaci\u00f3n\u00a0-CINED- Dra. Jensy Campos C\u00e9spedes, Directora. Dr. Alexis Segura Jim\u00e9nez, Investigador. Dra. Jinny Cascante Ram\u00edrez, Investigadora. M. Sc. In\u00e9s Cowan Morales, \u00a0Investigadora. Lic. Gustavo God\u00ednez Vargas, \u00a0Investigador. M. Sc. Jennory Benavides Elizondo, \u00a0Investigadora. Mag. Warner Ruiz Chaves , \u00a0Investigador. Licda. Maricruz Miranda Rojas, \u00a0Investigadora. Licda. Dayana Camacho C\u00e9spedes, Investigadora. Lic. Enrique [&hellip;]<\/p>\n","protected":false},"author":1,"featured_media":0,"parent":0,"menu_order":0,"comment_status":"closed","ping_status":"closed","template":"","meta":{"ngg_post_thumbnail":0,"_themeisle_gutenberg_block_has_review":false,"footnotes":""},"class_list":["post-583","page","type-page","status-publish","hentry","post"],"_links":{"self":[{"href":"https:\/\/investiga.uned.ac.cr\/cined\/wp-json\/wp\/v2\/pages\/583","targetHints":{"allow":["GET"]}}],"collection":[{"href":"https:\/\/investiga.uned.ac.cr\/cined\/wp-json\/wp\/v2\/pages"}],"about":[{"href":"https:\/\/investiga.uned.ac.cr\/cined\/wp-json\/wp\/v2\/types\/page"}],"author":[{"embeddable":true,"href":"https:\/\/investiga.uned.ac.cr\/cined\/wp-json\/wp\/v2\/users\/1"}],"replies":[{"embeddable":true,"href":"https:\/\/investiga.uned.ac.cr\/cined\/wp-json\/wp\/v2\/comments?post=583"}],"version-history":[{"count":4,"href":"https:\/\/investiga.uned.ac.cr\/cined\/wp-json\/wp\/v2\/pages\/583\/revisions"}],"predecessor-version":[{"id":6010,"href":"https:\/\/investiga.uned.ac.cr\/cined\/wp-json\/wp\/v2\/pages\/583\/revisions\/6010"}],"wp:attachment":[{"href":"https:\/\/investiga.uned.ac.cr\/cined\/wp-json\/wp\/v2\/media?parent=583"}],"curies":[{"name":"wp","href":"https:\/\/api.w.org\/{rel}","templated":true}]}}