{"id":2825,"date":"2025-04-02T22:32:13","date_gmt":"2025-04-02T22:32:13","guid":{"rendered":"https:\/\/investiga.uned.ac.cr\/cined\/?page_id=2825"},"modified":"2025-08-04T03:56:45","modified_gmt":"2025-08-04T03:56:45","slug":"convocatorias-vigentes","status":"publish","type":"page","link":"https:\/\/investiga.uned.ac.cr\/cined\/convocatorias-vigentes\/","title":{"rendered":"Convocatorias vigentes"},"content":{"rendered":"\n<h3 class=\"wp-block-heading\">Obras colectivas activas<\/h3>\n\n\n\n<p>En esta secci\u00f3n se encuentran las obras colectivas actualmente activas en el Centro de Investigaciones en Educaci\u00f3n (CINED) de la UNED. Estas convocatorias est\u00e1n abiertas a la participaci\u00f3n de personas investigadoras y acad\u00e9micas interesadas en contribuir con sus trabajos y estudios.<\/p>\n\n\n\n<p><strong>Obra Colectiva: &#8220;Inteligencia artificial y educaci\u00f3n: Buenas pr\u00e1cticas en la UNED&#8221;<\/strong><\/p>\n\n\n\n<figure class=\"wp-block-image size-large\"><a href=\"https:\/\/investiga.uned.ac.cr\/cined\/wp-content\/uploads\/sites\/9\/2025\/04\/invitaciones-1.jpg\"><img decoding=\"async\" src=\"https:\/\/investiga.uned.ac.cr\/cined\/wp-content\/uploads\/sites\/9\/2025\/08\/invitaciones-1-1024x576-1.jpg\" alt=\"\"\/><\/a><\/figure>\n\n\n\n<p>Las  experiencias acad\u00e9micas basadas en el uso de inteligencia artificial pueden sistematizarse y constituir uno de los apartados de esta obra colectiva, cuyo prop\u00f3sito es difundir buenas pr\u00e1cticas sobre el uso pedag\u00f3gico de la inteligencia artificial en la Universidad Estatal a Distancia de Costa Rica.<\/p>\n\n\n\n<p>Los detalles para la preparaci\u00f3n del manuscrito se pueden encontrarlos aqu\u00ed.<\/p>\n\n\n\n<div class=\"wp-block-file\"><a id=\"wp-block-file--media-07d243b9-7c18-4810-bb58-360c2fabfc28\" href=\"https:\/\/investiga.uned.ac.cr\/cined\/wp-content\/uploads\/sites\/9\/2025\/08\/Guia-para-autores_as-Buenas-Practica-IA.docx\">Guia-para-autores_as-Buenas-Practica-IA<\/a><a href=\"https:\/\/investiga.uned.ac.cr\/cined\/wp-content\/uploads\/sites\/9\/2025\/08\/Guia-para-autores_as-Buenas-Practica-IA.docx\" class=\"wp-block-file__button wp-element-button\" download aria-describedby=\"wp-block-file--media-07d243b9-7c18-4810-bb58-360c2fabfc28\">Descarga<\/a><\/div>\n\n\n\n<p>Fecha l\u00edmite para la recepci\u00f3n de manuscritos: 30 de junio 2025.<\/p>\n\n\n\n<h3 class=\"wp-block-heading\">Call for Papers Activos<\/h3>\n\n\n\n<p>Aqu\u00ed se publican los call for papers activos del CINED y de la Revista Innovaciones Educativas, invitando a la comunidad acad\u00e9mica a enviar sus art\u00edculos para su consideraci\u00f3n en revistas y conferencias.<\/p>\n","protected":false},"excerpt":{"rendered":"<p>Obras colectivas activas En esta secci\u00f3n se encuentran las obras colectivas actualmente activas en el Centro de Investigaciones en Educaci\u00f3n (CINED) de la UNED. Estas convocatorias est\u00e1n abiertas a la participaci\u00f3n de personas investigadoras y acad\u00e9micas interesadas en contribuir con sus trabajos y estudios. Obra Colectiva: &#8220;Inteligencia artificial y educaci\u00f3n: Buenas pr\u00e1cticas en la UNED&#8221; [&hellip;]<\/p>\n","protected":false},"author":1,"featured_media":0,"parent":0,"menu_order":0,"comment_status":"closed","ping_status":"closed","template":"","meta":{"ngg_post_thumbnail":0,"_themeisle_gutenberg_block_has_review":false,"footnotes":""},"class_list":["post-2825","page","type-page","status-publish","hentry","post"],"_links":{"self":[{"href":"https:\/\/investiga.uned.ac.cr\/cined\/wp-json\/wp\/v2\/pages\/2825","targetHints":{"allow":["GET"]}}],"collection":[{"href":"https:\/\/investiga.uned.ac.cr\/cined\/wp-json\/wp\/v2\/pages"}],"about":[{"href":"https:\/\/investiga.uned.ac.cr\/cined\/wp-json\/wp\/v2\/types\/page"}],"author":[{"embeddable":true,"href":"https:\/\/investiga.uned.ac.cr\/cined\/wp-json\/wp\/v2\/users\/1"}],"replies":[{"embeddable":true,"href":"https:\/\/investiga.uned.ac.cr\/cined\/wp-json\/wp\/v2\/comments?post=2825"}],"version-history":[{"count":1,"href":"https:\/\/investiga.uned.ac.cr\/cined\/wp-json\/wp\/v2\/pages\/2825\/revisions"}],"predecessor-version":[{"id":5891,"href":"https:\/\/investiga.uned.ac.cr\/cined\/wp-json\/wp\/v2\/pages\/2825\/revisions\/5891"}],"wp:attachment":[{"href":"https:\/\/investiga.uned.ac.cr\/cined\/wp-json\/wp\/v2\/media?parent=2825"}],"curies":[{"name":"wp","href":"https:\/\/api.w.org\/{rel}","templated":true}]}}