{"id":1662,"date":"2021-03-17T22:21:16","date_gmt":"2021-03-17T22:21:16","guid":{"rendered":"https:\/\/investiga.uned.ac.cr\/cined\/?page_id=1662"},"modified":"2021-03-17T22:21:16","modified_gmt":"2021-03-17T22:21:16","slug":"consejo-cientifico","status":"publish","type":"page","link":"https:\/\/investiga.uned.ac.cr\/cined\/personal\/consejo-cientifico\/","title":{"rendered":"Consejo Cient\u00edfico"},"content":{"rendered":"\n<div class=\"wp-block-themeisle-blocks-advanced-columns has-1-columns has-desktop-equal-layout has-tablet-equal-layout has-mobile-equal-layout has-default-gap has-vertical-unset\" id=\"wp-block-themeisle-blocks-advanced-columns-ca14d8a8\"><div class=\"wp-block-themeisle-blocks-advanced-columns-overlay\"><\/div><div class=\"innerblocks-wrap\">\n<div class=\"wp-block-themeisle-blocks-advanced-column\" id=\"wp-block-themeisle-blocks-advanced-column-62ea423b\">\n<p class=\"has-medium-font-size\">El Consejo Cient\u00edfico del CINED est\u00e1 integrado por la Direcci\u00f3n de la Escuela de Ciencias de la Educaci\u00f3n o su representante,&nbsp; la persona que dirige el CINED, quien presidir\u00e1; dos acad\u00e9micos con amplia&nbsp; experiencia en investigaci\u00f3n en el campo educativo y un acad\u00e9mico con amplia experiencia en el desarrollo de Proyectos de Extensi\u00f3n en Educaci\u00f3n. Estos tres acad\u00e9micos ser\u00e1n designados por el Consejo de Escuela de la ECE por periodos de 2 a\u00f1os, prorrogables, por una \u00fanica vez. <\/p>\n\n\n\n<p class=\"has-medium-font-size\"><strong>Funciones y responsabilidades del Consejo Cient\u00edfico:<\/strong><\/p>\n\n\n\n<p class=\"has-medium-font-size\">a) &nbsp;&nbsp; &nbsp;Establecer las pol\u00edticas generales del CINED de conformidad con las \u00e1reas y las l\u00edneas de investigaci\u00f3n y extensi\u00f3n de los programas de la ECE y otras unidades afines, conforme a las pol\u00edticas institucionales de investigaci\u00f3n y extensi\u00f3n.<\/p>\n\n\n\n<p class=\"has-medium-font-size\">b) &nbsp;&nbsp; &nbsp;Definir y proponer las acciones pertinentes para la gesti\u00f3n interna del CINED.<\/p>\n\n\n\n<p class=\"has-medium-font-size\">c) &nbsp;&nbsp; &nbsp;Definir y aprobar los proyectos a cargo del CINED.<\/p>\n\n\n\n<p class=\"has-medium-font-size\">d) &nbsp;&nbsp; &nbsp;Definir y aprobar en primera instancia los planes anuales de trabajo que presente la direcci\u00f3n acad\u00e9mica del Centro, para la aprobaci\u00f3n definitiva por el Consejo de Escuela de la ECE.<\/p>\n\n\n\n<p class=\"has-medium-font-size\">e) &nbsp;&nbsp; &nbsp;Evaluar peri\u00f3dicamente el avance y los resultados de los distintos proyectos y programas &nbsp;&nbsp; &nbsp;del CINED y acordar o proponer, seg\u00fan corresponda, los cambios que considere necesarios.<\/p>\n\n\n\n<p class=\"has-medium-font-size\">f) &nbsp;&nbsp; &nbsp;Conocer y dictaminar el proyecto de presupuesto anual del CINED y remitirlo a la instancia correspondiente.<\/p>\n\n\n\n<p class=\"has-medium-font-size\">g) &nbsp;&nbsp; &nbsp;Sesionar al menos una vez al mes en forma ordinaria y de manera extraordinaria cuando se requiera, mediante convocatoria de quien dirige el CINED.<\/p>\n\n\n\n<p class=\"has-medium-font-size\"><strong>Integrantes del Consejo Cient\u00edfico:<\/strong><\/p>\n\n\n\n<p class=\"has-medium-font-size\">Dra. Jensy Campos C\u00e9spedes<\/p>\n\n\n\n<p class=\"has-medium-font-size\">Dra. Yarith Rivera S\u00e1nchez<\/p>\n\n\n\n<p class=\"has-medium-font-size\">Dra. Linda Madriz Berm\u00fadez<\/p>\n\n\n\n<p class=\"has-medium-font-size\">Dra. Carolina \u00c1valos D\u00e1vila<\/p>\n\n\n\n<p class=\"has-medium-font-size\">Dra. Katya Calder\u00f3n Herrera<\/p>\n<\/div>\n<\/div><\/div>\n","protected":false},"excerpt":{"rendered":"El Consejo Cient\u00edfico del CINED est\u00e1 integrado por la Direcci\u00f3n de la Escuela de Ciencias de la Educaci\u00f3n o su representante,&nbsp; la persona que dirige el CINED, quien presidir\u00e1; dos acad\u00e9micos con amplia&nbsp; experiencia en investigaci\u00f3n en el campo educativo y un acad\u00e9mico con amplia experiencia en el desarrollo de Proyectos de Extensi\u00f3n en Educaci\u00f3n. [...]","protected":false},"author":1,"featured_media":0,"parent":583,"menu_order":0,"comment_status":"closed","ping_status":"closed","template":"","meta":{"ngg_post_thumbnail":0,"_themeisle_gutenberg_block_has_review":false,"footnotes":""},"class_list":["post-1662","page","type-page","status-publish","hentry","post"],"_links":{"self":[{"href":"https:\/\/investiga.uned.ac.cr\/cined\/wp-json\/wp\/v2\/pages\/1662","targetHints":{"allow":["GET"]}}],"collection":[{"href":"https:\/\/investiga.uned.ac.cr\/cined\/wp-json\/wp\/v2\/pages"}],"about":[{"href":"https:\/\/investiga.uned.ac.cr\/cined\/wp-json\/wp\/v2\/types\/page"}],"author":[{"embeddable":true,"href":"https:\/\/investiga.uned.ac.cr\/cined\/wp-json\/wp\/v2\/users\/1"}],"replies":[{"embeddable":true,"href":"https:\/\/investiga.uned.ac.cr\/cined\/wp-json\/wp\/v2\/comments?post=1662"}],"version-history":[{"count":0,"href":"https:\/\/investiga.uned.ac.cr\/cined\/wp-json\/wp\/v2\/pages\/1662\/revisions"}],"up":[{"embeddable":true,"href":"https:\/\/investiga.uned.ac.cr\/cined\/wp-json\/wp\/v2\/pages\/583"}],"wp:attachment":[{"href":"https:\/\/investiga.uned.ac.cr\/cined\/wp-json\/wp\/v2\/media?parent=1662"}],"curies":[{"name":"wp","href":"https:\/\/api.w.org\/{rel}","templated":true}]}}