{"id":165,"date":"2014-02-24T16:52:54","date_gmt":"2014-02-24T16:52:54","guid":{"rendered":"http:\/\/localhost\/?page_id=165"},"modified":"2014-02-24T16:52:54","modified_gmt":"2014-02-24T16:52:54","slug":"en-ejecucion","status":"publish","type":"page","link":"https:\/\/investiga.uned.ac.cr\/cined\/en-ejecucion\/","title":{"rendered":"En ejecuci\u00f3n"},"content":{"rendered":"\n<h3 class=\"has-medium-font-size wp-block-heading\">P<strong>royectos de investigaci\u00f3n en ejecuci\u00f3n<\/strong><\/h3>\n\n\n\n<h3 class=\"has-medium-font-size wp-block-heading\"><strong>&#8211; Estudio comparativo sobre los programas de doctorado en educaci\u00f3n de las universidades p\u00fablicas y privadas de Costa Rica<\/strong><\/h3>\n\n\n\n<h3 class=\"has-medium-font-size wp-block-heading\"><strong>&#8211; Validaci\u00f3n de modelo de evaluaci\u00f3n de la transferencia de procesos formativos para\u00a0 profesionales de la educaci\u00f3n<\/strong><\/h3>\n\n\n\n<h3 class=\"has-medium-font-size wp-block-heading\"><strong>&#8211; Red iberoamericana para el desarrollo de una plataforma tecnol\u00f3gica de soporte a la evaluaci\u00f3n de los procesos de formaci\u00f3n.<\/strong><\/h3>\n\n\n\n<h3 class=\"has-medium-font-size wp-block-heading\">&#8211;<strong> An\u00e1lisis bibliom\u00e9trico de los trabajos finales de graduaci\u00f3n de las carreras y programas en educaci\u00f3n de la UNED<\/strong><\/h3>\n\n\n\n<h3 class=\"has-medium-font-size wp-block-heading\">&#8211;<strong> M\u00e9todo de Casos y su efecto en la Autorregulaci\u00f3n de los Aprendizajes<\/strong><\/h3>\n\n\n\n<h3 class=\"has-medium-font-size wp-block-heading\"><strong>&#8211; Estudio comparativo acerca de la implementaci\u00f3n de Programas de Estimulaci\u00f3n Temprana para ni\u00f1os prematuros atendidos en el estancia infantil #2 de la ciudad de Puebla(M\u00e9xico) y el CEN CINAI de la ciudad Goicochea (Costa Rica): una propuesta de intervenci\u00f3n temprana para la prevenci\u00f3n de la discapacidad<\/strong><br \/><a href=\"http:\/\/www.uned.ac.cr\/ece\/images\/revista\/numero%2018%202012\/00_primeras_paginas.pdf\">http:\/\/www.uned.ac.cr\/ece\/images\/revista\/numero%2018%202012\/00_primeras_paginas.pdf<\/a><\/h3>\n\n\n\n<h3 class=\"has-medium-font-size wp-block-heading\">&#8211; <strong>Construyendo Centros Educativos Inclusivos<\/strong><br \/><a rel=\"noreferrer noopener\" href=\"http:\/\/ccs.infospace.com\/ClickHandler.ashx?du=http%3a%2f%2finico.usal.es%2fpublicaciones%2fpdf%2fEducacion-Inclusiva.pdf&amp;ru=http%3a%2f%2finico.usal.es%2fpublicaciones%2fpdf%2fEducacion-Inclusiva.pdf&amp;ld=20140131&amp;ap=2&amp;app=1&amp;c=im.s1.row.df&amp;s=ims1row&amp;coi=239138&amp;cop=main-title&amp;euip=200.122.146.28&amp;npp=2&amp;p=0&amp;pp=0&amp;pvaid=59fab5c8ce2b444eb545a958d2511309&amp;ep=2&amp;mid=9&amp;en=8VQDhNXFIEv8W%2bsMzW%2bVuyAhwWpYLoomepzV22Uteck%3d&amp;hash=7738BC1E256422F86833B7E04CD97CB3\" target=\"_blank\">http:\/\/inico.usal.es\/\u2026s\/pdf\/Educacion-Inclusiva.pdf<\/a><\/h3>\n\n\n\n<p><\/p>\n\n\n<h3>&nbsp;<\/h3>\n\n\n<p><\/p>\n","protected":false},"excerpt":{"rendered":"<p>Proyectos de investigaci\u00f3n en ejecuci\u00f3n &#8211; Estudio comparativo sobre los programas de doctorado en educaci\u00f3n de las universidades p\u00fablicas y privadas de Costa Rica &#8211; Validaci\u00f3n de modelo de evaluaci\u00f3n de la transferencia de procesos formativos para\u00a0 profesionales de la educaci\u00f3n &#8211; Red iberoamericana para el desarrollo de una plataforma tecnol\u00f3gica de soporte a la [&hellip;]<\/p>\n","protected":false},"author":1,"featured_media":0,"parent":0,"menu_order":0,"comment_status":"closed","ping_status":"closed","template":"","meta":{"ngg_post_thumbnail":0,"_themeisle_gutenberg_block_has_review":false,"footnotes":""},"class_list":["post-165","page","type-page","status-publish","hentry","post"],"_links":{"self":[{"href":"https:\/\/investiga.uned.ac.cr\/cined\/wp-json\/wp\/v2\/pages\/165","targetHints":{"allow":["GET"]}}],"collection":[{"href":"https:\/\/investiga.uned.ac.cr\/cined\/wp-json\/wp\/v2\/pages"}],"about":[{"href":"https:\/\/investiga.uned.ac.cr\/cined\/wp-json\/wp\/v2\/types\/page"}],"author":[{"embeddable":true,"href":"https:\/\/investiga.uned.ac.cr\/cined\/wp-json\/wp\/v2\/users\/1"}],"replies":[{"embeddable":true,"href":"https:\/\/investiga.uned.ac.cr\/cined\/wp-json\/wp\/v2\/comments?post=165"}],"version-history":[{"count":0,"href":"https:\/\/investiga.uned.ac.cr\/cined\/wp-json\/wp\/v2\/pages\/165\/revisions"}],"wp:attachment":[{"href":"https:\/\/investiga.uned.ac.cr\/cined\/wp-json\/wp\/v2\/media?parent=165"}],"curies":[{"name":"wp","href":"https:\/\/api.w.org\/{rel}","templated":true}]}}