{"id":1370,"date":"2020-06-04T01:35:56","date_gmt":"2020-06-04T01:35:56","guid":{"rendered":"https:\/\/investiga.uned.ac.cr\/cined\/?page_id=1370"},"modified":"2026-03-18T23:11:00","modified_gmt":"2026-03-18T23:11:00","slug":"publicaciones","status":"publish","type":"page","link":"https:\/\/investiga.uned.ac.cr\/cined\/publicaciones\/","title":{"rendered":"Publicaciones"},"content":{"rendered":"\n<h3 class=\"wp-block-heading\">Como parte de las acciones para el fortalecimiento de las acciones sustantivas de la Universidad (docencia, investigaci\u00f3n y extensi\u00f3n), el Centro de Investigaciones en Educaci\u00f3n (CINED) presenta las siguientes obras, las cuales puede acceder presionando clic sobre la imagen:<\/h3>\n\n\n\n<p class=\"has-text-align-center\"><\/p>\n\n\n\n<div class=\"wp-block-file\"><a id=\"wp-block-file--media-76f3488d-bd2a-4d0e-b10a-000e00c6d391\" href=\"https:\/\/investiga.uned.ac.cr\/cined\/wp-content\/uploads\/sites\/9\/2026\/03\/MEMORIA-X-ENCUENTRO-IE.pdf\" target=\"_blank\" rel=\"noreferrer noopener\">MEMORIA X ENCUENTRO IE<\/a><a href=\"https:\/\/investiga.uned.ac.cr\/cined\/wp-content\/uploads\/sites\/9\/2026\/03\/MEMORIA-X-ENCUENTRO-IE.pdf\" class=\"wp-block-file__button wp-element-button\" download aria-describedby=\"wp-block-file--media-76f3488d-bd2a-4d0e-b10a-000e00c6d391\">Descargar<\/a><\/div>\n\n\n\n<div class=\"wp-block-file\"><a id=\"wp-block-file--media-c1b66938-b02a-41b2-8020-6ae48b51f1ff\" href=\"https:\/\/investiga.uned.ac.cr\/cined\/wp-content\/uploads\/sites\/9\/2025\/09\/SUPERVISION-EDUCATIVA-noviembre-DIGITAL.pdf\">SUPERVISION EDUCATIVA noviembre DIGITAL<\/a><a href=\"https:\/\/investiga.uned.ac.cr\/cined\/wp-content\/uploads\/sites\/9\/2025\/09\/SUPERVISION-EDUCATIVA-noviembre-DIGITAL.pdf\" class=\"wp-block-file__button wp-element-button\" download aria-describedby=\"wp-block-file--media-c1b66938-b02a-41b2-8020-6ae48b51f1ff\">Descargar<\/a><\/div>\n\n\n\n<div class=\"wp-block-file\"><a id=\"wp-block-file--media-9114328c-fb1f-4561-ab03-a161428ac4b6\" href=\"https:\/\/investiga.uned.ac.cr\/cined\/wp-content\/uploads\/sites\/9\/2025\/09\/Protocolo-de-diseno-ECE-FINAL.pdf\">Protocolo de disen\u0303o ECE (FINAL)<\/a><a href=\"https:\/\/investiga.uned.ac.cr\/cined\/wp-content\/uploads\/sites\/9\/2025\/09\/Protocolo-de-diseno-ECE-FINAL.pdf\" class=\"wp-block-file__button wp-element-button\" download aria-describedby=\"wp-block-file--media-9114328c-fb1f-4561-ab03-a161428ac4b6\">Descargar<\/a><\/div>\n\n\n\n<div class=\"wp-block-file\"><a id=\"wp-block-file--media-dc91d554-759c-4aa6-a3d2-8f52ed40c316\" href=\"https:\/\/investiga.uned.ac.cr\/cined\/wp-content\/uploads\/sites\/9\/2025\/09\/Mujeres-docentes-lideres-trayectorias-y-desafios-comprimido.pdf\">Mujeres-docentes-li\u0301deres-trayectorias-y-desafi\u0301os-comprimido<\/a><a href=\"https:\/\/investiga.uned.ac.cr\/cined\/wp-content\/uploads\/sites\/9\/2025\/09\/Mujeres-docentes-lideres-trayectorias-y-desafios-comprimido.pdf\" class=\"wp-block-file__button wp-element-button\" download aria-describedby=\"wp-block-file--media-dc91d554-759c-4aa6-a3d2-8f52ed40c316\">Descargar<\/a><\/div>\n\n\n\n<div class=\"wp-block-file\"><a id=\"wp-block-file--media-baa8a3fc-fa95-4168-80b8-b69c7f8a9825\" href=\"https:\/\/investiga.uned.ac.cr\/cined\/wp-content\/uploads\/sites\/9\/2025\/09\/MemoriaFinal_compressed.pdf\">MemoriaFinal_compressed<\/a><a href=\"https:\/\/investiga.uned.ac.cr\/cined\/wp-content\/uploads\/sites\/9\/2025\/09\/MemoriaFinal_compressed.pdf\" class=\"wp-block-file__button wp-element-button\" download aria-describedby=\"wp-block-file--media-baa8a3fc-fa95-4168-80b8-b69c7f8a9825\">Descargar<\/a><\/div>\n\n\n\n<div class=\"wp-block-file\"><a id=\"wp-block-file--media-961ee8e2-f810-4544-9195-08c303fb1916\" href=\"https:\/\/investiga.uned.ac.cr\/cined\/wp-content\/uploads\/sites\/9\/2025\/09\/LINEAS-DE-INVESTIGACION-2020-2.pdf\">LINEAS DE INVESTIGACION 2020<\/a><a href=\"https:\/\/investiga.uned.ac.cr\/cined\/wp-content\/uploads\/sites\/9\/2025\/09\/LINEAS-DE-INVESTIGACION-2020-2.pdf\" class=\"wp-block-file__button wp-element-button\" download aria-describedby=\"wp-block-file--media-961ee8e2-f810-4544-9195-08c303fb1916\">Descargar<\/a><\/div>\n\n\n\n<div class=\"wp-block-file\"><a id=\"wp-block-file--media-842609bb-566d-4b96-80b9-4810bd208065\" href=\"https:\/\/investiga.uned.ac.cr\/cined\/wp-content\/uploads\/sites\/9\/2025\/09\/LINEAS-DE-INVESTIGACION-2025-OK.pdf\">LINEAS-DE-INVESTIGACION-2025 OK<\/a><a href=\"https:\/\/investiga.uned.ac.cr\/cined\/wp-content\/uploads\/sites\/9\/2025\/09\/LINEAS-DE-INVESTIGACION-2025-OK.pdf\" class=\"wp-block-file__button wp-element-button\" download aria-describedby=\"wp-block-file--media-842609bb-566d-4b96-80b9-4810bd208065\">Descargar<\/a><\/div>\n\n\n\n<div id=\"wp-block-themeisle-blocks-slider-0e5fb905\" class=\"wp-block-themeisle-blocks-slider glide\" data-per-view=\"1\" data-gap=\"0\" data-peek=\"0\" data-autoplay=\"true\" data-height=\"400px\" data-hide-arrows=\"false\"><div class=\"glide__track\" data-glide-el=\"track\"><div class=\"glide__slides\"><\/div><div class=\"glide__bullets\" data-glide-el=\"controls[nav]\"><\/div><\/div><\/div>\n\n\n\n<div id=\"wp-block-themeisle-blocks-advanced-columns-52df4f61\" class=\"wp-block-themeisle-blocks-advanced-columns has-0-columns has-desktop-undefined-layout has-tablet-equal-layout has-mobile-equal-layout has-vertical-unset\"><div class=\"wp-block-themeisle-blocks-advanced-columns-overlay\"><\/div><div class=\"innerblocks-wrap\"><\/div><\/div>","protected":false},"excerpt":{"rendered":"<p>Como parte de las acciones para el fortalecimiento de las acciones sustantivas de la Universidad (docencia, investigaci\u00f3n y extensi\u00f3n), el Centro de Investigaciones en Educaci\u00f3n (CINED) presenta las siguientes obras, las cuales puede acceder presionando clic sobre la imagen:<\/p>\n","protected":false},"author":1,"featured_media":0,"parent":0,"menu_order":0,"comment_status":"closed","ping_status":"closed","template":"","meta":{"ngg_post_thumbnail":0,"_themeisle_gutenberg_block_has_review":false,"footnotes":""},"class_list":["post-1370","page","type-page","status-publish","hentry","post"],"_links":{"self":[{"href":"https:\/\/investiga.uned.ac.cr\/cined\/wp-json\/wp\/v2\/pages\/1370","targetHints":{"allow":["GET"]}}],"collection":[{"href":"https:\/\/investiga.uned.ac.cr\/cined\/wp-json\/wp\/v2\/pages"}],"about":[{"href":"https:\/\/investiga.uned.ac.cr\/cined\/wp-json\/wp\/v2\/types\/page"}],"author":[{"embeddable":true,"href":"https:\/\/investiga.uned.ac.cr\/cined\/wp-json\/wp\/v2\/users\/1"}],"replies":[{"embeddable":true,"href":"https:\/\/investiga.uned.ac.cr\/cined\/wp-json\/wp\/v2\/comments?post=1370"}],"version-history":[{"count":26,"href":"https:\/\/investiga.uned.ac.cr\/cined\/wp-json\/wp\/v2\/pages\/1370\/revisions"}],"predecessor-version":[{"id":6055,"href":"https:\/\/investiga.uned.ac.cr\/cined\/wp-json\/wp\/v2\/pages\/1370\/revisions\/6055"}],"wp:attachment":[{"href":"https:\/\/investiga.uned.ac.cr\/cined\/wp-json\/wp\/v2\/media?parent=1370"}],"curies":[{"name":"wp","href":"https:\/\/api.w.org\/{rel}","templated":true}]}}