{"id":722,"date":"2015-12-10T17:48:25","date_gmt":"2015-12-10T23:48:25","guid":{"rendered":"https:\/\/investiga.uned.ac.cr\/agendajoven\/?page_id=722"},"modified":"2015-12-10T17:48:25","modified_gmt":"2015-12-10T23:48:25","slug":"tecnico-en-practicas-democraticas-y-procesos-electorales","status":"publish","type":"page","link":"https:\/\/investiga.uned.ac.cr\/agendajoven\/tecnico-en-practicas-democraticas-y-procesos-electorales\/","title":{"rendered":"T\u00e9cnico en pr\u00e1cticas democr\u00e1ticas y procesos electorales"},"content":{"rendered":"<p>Oferta de capacitaci\u00f3n virtual: T\u00e9cnico en Pr\u00e1cticas Democr\u00e1ticas y Procesos Electorales (TPDPE)<br \/>\n<strong>Contenidos:<\/strong><\/p>\n<ul>\n<li>M\u00f3dulo I: \u201cPr\u00e1cticas Democr\u00e1ticas\u201d (70548): Desarrollo hist\u00f3rico del Estado, cultura electoral en Costa Rica, conducta electoral, construcci\u00f3n de una cultura democr\u00e1tica, pr\u00e1cticas democr\u00e1ticas, derecho pol\u00edtico y electoral, legislaci\u00f3n electoral, partidos pol\u00edticos, grupos de inter\u00e9s, grupos de presi\u00f3n, medios de comunicaci\u00f3n.<\/li>\n<li>M\u00f3dulo II: \u201c\u00c9tica y Participaci\u00f3n Social\u201d (70549): Liderazgo y comunicaci\u00f3n, calidad como forma de vida, teor\u00eda de los grupos, t\u00e9cnicas de ense\u00f1anza, comunicaci\u00f3n, conciliaci\u00f3n, planeaci\u00f3n, administraci\u00f3n, tecnolog\u00edas, pedagog\u00eda, investigaci\u00f3n en el \u00e1rea social.<\/li>\n<li>M\u00f3dulo III (70547): \u201cEl Proceso Electoral en Costa Rica\u201d: Identificaci\u00f3n y soluci\u00f3n de problemas electorales, Jurisdicci\u00f3n electoral, principios derechos electorales, organizaci\u00f3n de partidos pol\u00edticos, g\u00e9nero, democracia interna de los partidos pol\u00edticos, matem\u00e1ticas electorales, adjudicaci\u00f3n de esca\u00f1os, agentes electorales.<\/li>\n<\/ul>\n<p><strong>Fechas de matr\u00edcula II Cuatrimestre 2016:<\/strong><\/p>\n<p>Del 18 al 22 de mayo del 2016.<\/p>\n<p><strong>Matricula:<\/strong><\/p>\n<p>Se puede realizar en las oficinas del Programa Agenda Joven ubicadas 100 m Norte de la entrada principal de la UNED y 50 m Este, Urbanizaci\u00f3n Buenos Aires, en el edificio de la Vice Rector\u00eda de Investigaci\u00f3n. La UNED Central est\u00e1 ubicada 500 m este de la rotonda la Betania carretera a sabanilla.<br \/>\nTambi\u00e9n se puede realizar en los Centros Universitarios de la UNED (en todo el pa\u00eds) con previo aviso al Programa Agenda Joven para coordinar con el Centro y liberar el espacio.<\/p>\n<p>Precio: 83 000 (ochenta y tres mil coles) por m\u00f3dulo.<br \/>\nPara m\u00e1s informaci\u00f3n al tel\u00e9fono (+506) 2253-8986.<\/p>\n","protected":false},"excerpt":{"rendered":"<p>Oferta de capacitaci\u00f3n virtual: T\u00e9cnico en Pr\u00e1cticas Democr\u00e1ticas y Procesos Electorales (TPDPE) Contenidos: M\u00f3dulo I: \u201cPr\u00e1cticas Democr\u00e1ticas\u201d (70548): Desarrollo hist\u00f3rico del Estado, cultura electoral en Costa Rica, conducta electoral, construcci\u00f3n de una cultura democr\u00e1tica, pr\u00e1cticas democr\u00e1ticas, derecho pol\u00edtico y electoral, legislaci\u00f3n electoral, partidos pol\u00edticos, grupos de inter\u00e9s, grupos de presi\u00f3n, [&hellip;]<\/p>\n","protected":false},"author":1,"featured_media":0,"parent":0,"menu_order":0,"comment_status":"closed","ping_status":"closed","template":"","meta":{"ngg_post_thumbnail":0,"_themeisle_gutenberg_block_has_review":false,"footnotes":""},"class_list":["post-722","page","type-page","status-publish","hentry"],"_links":{"self":[{"href":"https:\/\/investiga.uned.ac.cr\/agendajoven\/wp-json\/wp\/v2\/pages\/722","targetHints":{"allow":["GET"]}}],"collection":[{"href":"https:\/\/investiga.uned.ac.cr\/agendajoven\/wp-json\/wp\/v2\/pages"}],"about":[{"href":"https:\/\/investiga.uned.ac.cr\/agendajoven\/wp-json\/wp\/v2\/types\/page"}],"author":[{"embeddable":true,"href":"https:\/\/investiga.uned.ac.cr\/agendajoven\/wp-json\/wp\/v2\/users\/1"}],"replies":[{"embeddable":true,"href":"https:\/\/investiga.uned.ac.cr\/agendajoven\/wp-json\/wp\/v2\/comments?post=722"}],"version-history":[{"count":0,"href":"https:\/\/investiga.uned.ac.cr\/agendajoven\/wp-json\/wp\/v2\/pages\/722\/revisions"}],"wp:attachment":[{"href":"https:\/\/investiga.uned.ac.cr\/agendajoven\/wp-json\/wp\/v2\/media?parent=722"}],"curies":[{"name":"wp","href":"https:\/\/api.w.org\/{rel}","templated":true}]}}

Técnico en prácticas democráticas y procesos electorales

<p>Oferta de capacitación virtual: Técnico en Prácticas Democráticas y Procesos Electorales (TPDPE)<br />
<strong>Contenidos:</strong></p>
<ul>
<li>Módulo I: “Prácticas Democráticas” (70548): Desarrollo histórico del Estado, cultura electoral en Costa Rica, conducta electoral, construcción de una cultura democrática, prácticas democráticas, derecho político y electoral, legislación electoral, partidos políticos, grupos de interés, grupos de presión, medios de comunicación.</li>
<li>Módulo II: “Ética y Participación Social” (70549): Liderazgo y comunicación, calidad como forma de vida, teoría de los grupos, técnicas de enseñanza, comunicación, conciliación, planeación, administración, tecnologías, pedagogía, investigación en el área social.</li>
<li>Módulo III (70547): “El Proceso Electoral en Costa Rica”: Identificación y solución de problemas electorales, Jurisdicción electoral, principios derechos electorales, organización de partidos políticos, género, democracia interna de los partidos políticos, matemáticas electorales, adjudicación de escaños, agentes electorales.</li>
</ul>
<p><strong>Fechas de matrícula II Cuatrimestre 2016:</strong></p>
<p>Del 18 al 22 de mayo del 2016.</p>
<p><strong>Matricula:</strong></p>
<p>Se puede realizar en las oficinas del Programa Agenda Joven ubicadas 100 m Norte de la entrada principal de la UNED y 50 m Este, Urbanización Buenos Aires, en el edificio de la Vice Rectoría de Investigación. La UNED Central está ubicada 500 m este de la rotonda la Betania carretera a sabanilla.<br />
También se puede realizar en los Centros Universitarios de la UNED (en todo el país) con previo aviso al Programa Agenda Joven para coordinar con el Centro y liberar el espacio.</p>
<p>Precio: 83 000 (ochenta y tres mil coles) por módulo.<br />
Para más información al teléfono (+506) 2253-8986.</p>

<p>Oferta de capacitación virtual: Técnico en Prácticas Democráticas y Procesos Electorales (TPDPE) Contenidos: Módulo I: “Prácticas Democráticas” (70548): Desarrollo histórico del Estado, cultura electoral en Costa Rica, conducta electoral, construcción de una cultura democrática, prácticas democráticas, derecho político y electoral, legislación electoral, partidos políticos, grupos de interés, grupos de presión, [&hellip;]</p>
