{"id":3333,"date":"2024-08-27T14:24:58","date_gmt":"2024-08-27T20:24:58","guid":{"rendered":"https:\/\/investiga.uned.ac.cr\/agendajoven\/?page_id=3333"},"modified":"2025-09-16T23:58:56","modified_gmt":"2025-09-16T23:58:56","slug":"investigaciones-sobre-juventudes-desde-otras-instituciones","status":"publish","type":"page","link":"https:\/\/investiga.uned.ac.cr\/agendajoven\/investigaciones-sobre-juventudes-desde-otras-instituciones\/","title":{"rendered":"Investigaciones sobre juventudes desde otras instituciones"},"content":{"rendered":"\n<p>En esta secci\u00f3n podr\u00e1 encontrar enlaces a investigaciones sobe personas j\u00f3venes realizadas desde otras instituciones que son de inter\u00e9s para el Centro Agenda Joven en Derechos y Ciudadan\u00eda.<\/p>\n\n\n\n<p><strong>Enlaces de inter\u00e9s:<\/strong><\/p>\n\n\n\n<p><a href=\"https:\/\/orei.redclade.org\/\"><strong>Observatorio Regional de Educaci\u00f3n Inclusiva (CLADE)<\/strong><\/a><\/p>\n\n\n\n<p><a href=\"https:\/\/unedaccr-my.sharepoint.com\/:b:\/g\/personal\/agendajoven_uned_ac_cr\/EeaSiFPukQlHjT9_2CHXVlIB-GZU8_YhxxFFKT8FO-gqPg?e=F2okfN\"><strong>Informe Juventudes y Violencias 2019-2023<\/strong><\/a><\/p>\n\n\n\n<p><a href=\"https:\/\/unedaccr-my.sharepoint.com\/:b:\/g\/personal\/agendajoven_uned_ac_cr\/EUpQGIvTvMRHlz8JMkat5HUB7QgWb1kzxkEmrn8YvxTV2w?e=DLDrrn\"><strong>Inclusi\u00f3n y Juventudes en Am\u00e9rica Latina y el Caribe<\/strong><\/a><\/p>\n\n\n\n<p><a href=\"https:\/\/juventudesasignaturapendiente.com\/\"><strong>Juventudes: Asignatura Pendiente &#8211; Iniciativa de la Fundaci\u00f3n-Friedrich-Ebert Stiftung<\/strong><\/a><\/p>\n\n\n\n<p><a href=\"https:\/\/library.fes.de\/pdf-files\/bueros\/fesamcentral\/21992.pdf\"><strong>Juventudes: Asignatura Pendiente &#8211; Informe sobre Costa Rica<\/strong><\/a><\/p>\n\n\n\n<div id=\"wp-block-themeisle-blocks-advanced-columns-403c55cc\" class=\"wp-block-themeisle-blocks-advanced-columns has-1-columns has-desktop-equal-layout has-tablet-equal-layout has-mobile-equal-layout has-vertical-unset has-default-gap\"><div class=\"wp-block-themeisle-blocks-advanced-columns-overlay\"><\/div><div class=\"innerblocks-wrap\">\n<div id=\"wp-block-themeisle-blocks-advanced-column-f925993d\" class=\"wp-block-themeisle-blocks-advanced-column\"><\/div>\n<\/div><\/div>\n","protected":false},"excerpt":{"rendered":"<p>En esta secci\u00f3n podr\u00e1 encontrar enlaces a investigaciones sobe personas j\u00f3venes realizadas desde otras instituciones que son de inter\u00e9s para el Centro Agenda Joven en Derechos y Ciudadan\u00eda. Enlaces de inter\u00e9s: Observatorio Regional de Educaci\u00f3n Inclusiva (CLADE) Informe Juventudes y Violencias 2019-2023 Inclusi\u00f3n y Juventudes en Am\u00e9rica Latina y el [&hellip;]<\/p>\n","protected":false},"author":1,"featured_media":0,"parent":0,"menu_order":0,"comment_status":"closed","ping_status":"closed","template":"","meta":{"ngg_post_thumbnail":0,"_themeisle_gutenberg_block_has_review":false,"footnotes":""},"class_list":["post-3333","page","type-page","status-publish","hentry"],"_links":{"self":[{"href":"https:\/\/investiga.uned.ac.cr\/agendajoven\/wp-json\/wp\/v2\/pages\/3333","targetHints":{"allow":["GET"]}}],"collection":[{"href":"https:\/\/investiga.uned.ac.cr\/agendajoven\/wp-json\/wp\/v2\/pages"}],"about":[{"href":"https:\/\/investiga.uned.ac.cr\/agendajoven\/wp-json\/wp\/v2\/types\/page"}],"author":[{"embeddable":true,"href":"https:\/\/investiga.uned.ac.cr\/agendajoven\/wp-json\/wp\/v2\/users\/1"}],"replies":[{"embeddable":true,"href":"https:\/\/investiga.uned.ac.cr\/agendajoven\/wp-json\/wp\/v2\/comments?post=3333"}],"version-history":[{"count":1,"href":"https:\/\/investiga.uned.ac.cr\/agendajoven\/wp-json\/wp\/v2\/pages\/3333\/revisions"}],"predecessor-version":[{"id":9979,"href":"https:\/\/investiga.uned.ac.cr\/agendajoven\/wp-json\/wp\/v2\/pages\/3333\/revisions\/9979"}],"wp:attachment":[{"href":"https:\/\/investiga.uned.ac.cr\/agendajoven\/wp-json\/wp\/v2\/media?parent=3333"}],"curies":[{"name":"wp","href":"https:\/\/api.w.org\/{rel}","templated":true}]}}