{"id":2573,"date":"2022-07-12T15:21:30","date_gmt":"2022-07-12T21:21:30","guid":{"rendered":"https:\/\/investiga.uned.ac.cr\/agendajoven\/?page_id=2573"},"modified":"2022-07-12T15:21:30","modified_gmt":"2022-07-12T21:21:30","slug":"siempre-fue-sobre-nosotras-relatos-de-la-violencia-politica-de-genero-en-brasil-manuela-davila-compiladora","status":"publish","type":"page","link":"https:\/\/investiga.uned.ac.cr\/agendajoven\/siempre-fue-sobre-nosotras-relatos-de-la-violencia-politica-de-genero-en-brasil-manuela-davila-compiladora\/","title":{"rendered":"Siempre fue sobre nosotras. Relatos de la violencia pol\u00edtica de g\u00e9nero en Brasil &#8211; Manuela D&#8217;\u00c1vila (compiladora)"},"content":{"rendered":"\n<div class=\"wp-block-image\"><figure class=\"aligncenter size-full\"><a href=\"https:\/\/investiga.uned.ac.cr\/agendajoven\/wp-content\/uploads\/sites\/16\/2022\/07\/siemprefuesobrenosotras-1.jpg\"><img decoding=\"async\" src=\"https:\/\/investiga.uned.ac.cr\/agendajoven\/wp-content\/uploads\/sites\/16\/2022\/07\/siemprefuesobrenosotras-1.jpg\" alt=\"\" class=\"wp-image-2574\" \/><\/a><\/figure><\/div>\n\n\n\n<p><strong>T\u00edtulo del libro:<\/strong> <em>Siempre fue sobre nosotras. Relatos de la violencia pol\u00edtica de g\u00e9nero en Brasil.<\/em><br \/><strong>Compiladora: <\/strong>Manuela D\u2019\u00c1vila<br \/><strong>Autoras de cap\u00edtulo:<\/strong> Anielle Franco, Aurea Carolina, Benedita da Silva, Dilma Rousseff, Duda Salabert, Isa Penna, Jandira Feghali, J\u00f4 Moraes, Maria do Ros\u00e1rio, Marina Silva, S\u00f4nia Guajajara, Tabata Amaral, Tal\u00edria Petrone, Marlise Matos.<br \/><strong>A\u00f1o de publicaci\u00f3n:<\/strong> Junio, 2022<br \/><strong>Publicado<\/strong> <strong>en<\/strong>: CLACSO. Buenos Aires.<br \/><strong>Rese\u00f1ado por: <\/strong>Argentina Artavia Medrano <br \/><strong>Palabras clave: <\/strong>mujeres, poder, participaci\u00f3n, discurso p\u00fablico, discriminaci\u00f3n, violencia pol\u00edtica.<br \/><strong>Citaci\u00f3n del libro: <\/strong>D\u00b4\u00c1vila, Manuela<strong> <\/strong>(compiladora) (2022). Siempre fue sobre nosotras. Relatos de la violencia pol\u00edtica de g\u00e9nero en Brasil. CLACSO.<\/p>\n\n\n\n<p>La violencia pol\u00edtica existe; discrimina, estigmatiza, infantiliza, excluye, invisibiliza, provoca burlas y humillaciones \u2026 y tambi\u00e9n mata.<\/p>\n\n\n\n<p>Manuela D\u2019\u00c1vila compila los testimonios de catorce mujeres pol\u00edticas, diputadas, senadoras, concejalas, militantes de organizaciones sociales y ambientalistas y tambi\u00e9n, la de la primera mujer presidenta de Brasil, Dilma Rousseff.<\/p>\n\n\n\n<p>Todas decidieron contar parte de sus muchas experiencias y denunciar y visibilizar la violencia pol\u00edtica que han vivido, para dejar claro que no son casos aislados, sino que constituyen un patr\u00f3n de conducta de una estructura patriarcal y mis\u00f3gina. \u201c<em>La raz\u00f3n principal detr\u00e1s de estas agresiones es que nuestros enfrentamientos cuestionan las estructuras de la sociedad brasile\u00f1a y de los sectores conservadores del poder pol\u00edtico y econ\u00f3mico del pa\u00eds<\/em>\u201d.<\/p>\n\n\n\n<p>El cuestionamiento y enfrentamiento a las estructuras de poder tiene como consecuencia inmediata el menosprecio y la subestimaci\u00f3n de sus capacidades, pero adem\u00e1s, esta violencia se ve agravada, seg\u00fan lo que ellas mismas manifiestan, con la manera en la que los medios de comunicaci\u00f3n y las redes sociales presentan y transmiten los hechos; les es m\u00e1s f\u00e1cil denigrar, atacar, cuestionar y ridiculizar a las mujeres, la mayor parte de las veces con informaci\u00f3n manipulada, sesgada o falsa, soportando amenazas y descalificaciones que nunca har\u00edan contra ning\u00fan hombre. \u201c<em>Al p\u00fablico le cuesta distinguir los hechos de las acusaciones cuando estas \u00faltimas se repiten todos los d\u00edas, sin un espacio justo para la defensa<\/em>\u201d.<\/p>\n\n\n\n<p>La violencia pol\u00edtica tiene efectos muy fuertes en la imagen de las mujeres; en la percepci\u00f3n propia y la que las dem\u00e1s personas tienen de las mujeres que ostentan cargos p\u00fablicos. Es claro que esto incide en su salud mental y su bienestar, pero este tipo de comportamientos tiene el prop\u00f3sito de disuadir a otras mujeres para que no participen y no se involucren en espacios que est\u00e1n reservados a los hombres, porque el \u201c<em>hombre es quien ocupa el espacio p\u00fablico<\/em>\u201d.<\/p>\n\n\n\n<p>Seg\u00fan Kate Manne (citada por Dilma Rousseff)<\/p>\n\n\n\n<p>\u201c<em>cuando una mujer incursiona en un territorio hist\u00f3ricamente reservado a los hombres, lo m\u00e1s probable es que sufra reacciones de resentimiento, indignaci\u00f3n y hostilidad (\u2026) Muchos seguir\u00e1n intentando ponerla en su lugar otra vez por medio de estrategias como desanimarla, ridiculizarla, humillarla, desprestigiarla o incluso aludir a su sexualidad, en definitiva, silenciarla.<\/em><\/p>\n\n\n\n<p><em>(\u2026) es ingenuo interpretar la misoginia como odio y desprecio hacia todas las mujeres. De hecho, la misoginia solo tiene como objetivo a las mujeres que se desv\u00edan de los patrones dominantes, en especial, de la norma seg\u00fan la que son los hombres quienes ejercen el poder (\u2026) <strong>la mujer que se sale del patr\u00f3n patriarcal ser\u00e1 identificada como fr\u00eda, arrogante, hambrienta de poder, poco confiable y moralmente sospechosa, ya que reclama espacios a los que no tiene derecho e incumple su funci\u00f3n como mujer en un sistema que favorece a los hombres<\/strong><\/em>\u201d. (El resaltado no corresponde al original).<\/p>\n\n\n\n<p>El libro est\u00e1 compuesto por 14 cap\u00edtulos, cada uno de ellos una potente invitaci\u00f3n a reflexionar desde las primeras p\u00e1ginas: \u201c<em>Siempre supe que era dif\u00edcil, pero no es justo que sea tan dif\u00edcil<\/em>\u201d(en la introducci\u00f3n) y un pr\u00f3logo. Luego se desarrollan cada uno de los cap\u00edtulos:<\/p>\n\n\n\n<ol class=\"wp-block-list\" type=\"1\"><li><em>Para nosotras y de nosotras<\/em> (\u00c1urea Carolina);<\/li><li><em>Violencia estructural en la trayectoria de una mujer negra<\/em> (Benedita da Silva);<\/li><li><em>Misoginia y manipulaci\u00f3n medi\u00e1tica<\/em> (Dilma Rousseff);<\/li><li><em>La oscuridad no se combate con m\u00e1s oscuridad<\/em> (Duda Salabert);<\/li><li><em>El acoso est\u00e1 relacionado con el poder<\/em> (Isa Penna);<\/li><li><em>No te calles, \u00a1confr\u00f3ntalo!<\/em> (Jandra Feghali);<\/li><li><em>\u00bfPor qu\u00e9 no nos quieren?<\/em> (J\u00f4 Moraes);<\/li><li><em>\u00bfQu\u00e9 podr\u00eda ser peor que disputar las elecciones contra Bolsonaro?<\/em> (Manuela D\u00b4\u00c1vila);<\/li><li><em>Violencia pol\u00edtica de g\u00e9nero, en singular y en plural<\/em> (Maria Do Ros\u00e1rio);<\/li><li><em>Fake news: la nueva vieja realidad<\/em> (Marina Silva);<\/li><li><em>Mujeres-agua, mujeres-tierra, mujeres-semilla. \u00a1Resistencia viva!<\/em> (S\u00f4nia Guajajara);<\/li><li><em>No nos callar\u00e1n<\/em> (Tabata Amaral);<\/li><li><em>Hasta que el cuerpo de cada mujer sea libre<\/em> (Tal\u00edria Petrone).<\/li><\/ol>\n\n\n\n<p>Adem\u00e1s de los valiosos testimonios de las mujeres, tambi\u00e9n est\u00e1 incluido un cap\u00edtulo en donde Marlise Matos realiza un mapeo de conceptos de violencia pol\u00edtica contra las mujeres, a partir de la identificaci\u00f3n de la existencia de violencia sexista, racista e interseccional.<\/p>\n\n\n\n<p>Los relatos que se suceden uno tras otro, dan cuenta de las vivencias de cada una de las mujeres; son historias y experiencias, no an\u00e9cdotas de terceras personas, ni textos discursivos o simb\u00f3licos. Por eso es que el libro es tan valioso, porque da cuenta de cada una de las situaciones y actos violentos que sufrieron ellas y sus familias, as\u00ed como las personas que integran sus equipos de trabajo y apoyo.<\/p>\n\n\n\n<p>El texto habla, entre muchos otros temas igualmente importantes:<\/p>\n\n\n\n<ul class=\"wp-block-list\"><li><strong>Discriminaci\u00f3n<\/strong>: \u201cEl racismo ni siquiera respeta la autoridad que nos confieren los votos\u201d.- Benedita da Silva<br \/><\/li><li><strong>Lo p\u00fablico y lo privado<\/strong>: \u201cDe manera superficial, podr\u00edamos pensar que los hechos de la vida privada nada tienen que ver con la actividad p\u00fablica. Pero son parte de los obst\u00e1culos que enfrentamos las mujeres en el ejercicio de las actividades pol\u00edticas. En especial, porque la sociedad les otorga la exclusividad de las tareas de cuidado. Siempre lo viv\u00ed como si fuera un hecho natural en la vida de las mujeres. Me tom\u00f3 un tiempo darme cuenta de que no lo era\u201d.-J\u00f4 Moraes<br \/><\/li><li><strong>Violencia estructural<\/strong>: \u201cAtacar\u201d es un verbo agresivo, deshumanizado, que indica una acci\u00f3n propia de alguien que pierde el control. Para los mis\u00f3ginos, es cosa de mujeres. \u201cCriticar\u201d (\u2026) presupone raciocinio y equilibrio. Cosa de hombres\u201d (\u2026) Una vez m\u00e1s, la imposici\u00f3n de la tradici\u00f3n patriarcal, que relaciona a la mujer con la fragilidad, la delicadeza y la falta de preparaci\u00f3n\u201d.- Dilma Rousseff.<br \/><\/li><li><strong>Criminalizaci\u00f3n de las luchas<\/strong>: \u201cCriminalizar es una forma de intentar silenciar, de buscar tu punto d\u00e9bil para intimidarte. Es un artificio para quitarte valor, la fuerza y, sobre todo la motivaci\u00f3n. Si perd\u00e9s la motivaci\u00f3n, los procesos de articulaci\u00f3n y movilizaci\u00f3n se detienen\u201d.-S\u00f4nia Guajajara<br \/><\/li><li><strong>Sororidad<\/strong>: \u201cSi es necesario que yo de un paso hacia atr\u00e1s para que el grupo al que pertenezco de dos pasos adelante, \u00a1no dudo en hacerlo!\u201d.- Duda Salabert<br \/><\/li><li><strong>Acci\u00f3n colectiva<\/strong>: \u201cLa violencia pol\u00edtica no puede responderse de manera individual, porque, de ser as\u00ed, el resultado ser\u00e1 el silencio de la v\u00edctima (\u2026) Es necesario hacer valer la solidaridad, la sororidad y nuestras conquistas pol\u00edticas, legislativas y jur\u00eddicas\u201d.- Jandira Feghali<br \/><\/li><li><strong>Equidad: <\/strong>\u201cLa construcci\u00f3n de la equidad en la representaci\u00f3n pol\u00edtica es una tarea de la democracia en la medida en que la presencia de mujeres conlleva el potencial de dar mayor transparencia a la pol\u00edtica, de modo que sus decisiones formen parte de la vida p\u00fablica\u201d.-Maria do Ros\u00e1rio<br \/><\/li><li><strong>Consecuencias para la democracia: <\/strong>\u201cexisten procesos de odio sin escr\u00fapulos y estimulados de forma enfermiza (\u2026) ocultos en los pliegues del tejido social y que solo nos llaman la atenci\u00f3n cuando se manifiestan y se convierten en actos de violencia, con irreparables consecuencias pol\u00edticas, sociales y culturales\u201d.-Marina Silva<\/li><\/ul>\n\n\n\n<p>Frente a esta \u201crealidad\u201d es pr\u00e1cticamente imposible reaccionar y si se hace, el costo es muy alto. De acuerdo con \u00c1urea Carolina, una de las autoras, requiere de una enorme fortaleza personal y del apoyo de su c\u00edrculo m\u00e1s cercano:<\/p>\n\n\n\n<p>\u201c<em>si yo no hubiera desarrollado mi <strong>coraza feminista<\/strong> y no hubiera tenido el <strong>apoyo de muchas personas<\/strong>, probablemente habr\u00eda renunciado a la pol\u00edtica institucional. Adem\u00e1s de visibilizar y producir conocimiento sobre las violencias que nos afectan, es nuestra funci\u00f3n <strong>construir estrategias para enfrentarlas en la vida cotidiana<\/strong> y en el funcionamiento de las instituciones, as\u00ed como <strong>articular redes solidarias de apoyo<\/strong> a las mujeres que est\u00e1n en la primera l\u00ednea del sistema pol\u00edtico<\/em>\u201d. (El resaltado no pertenece al original).<\/p>\n\n\n\n<p>\u00bfQu\u00e9 hacer ante una violencia que va en aumento y que es constantemente utilizada para entorpecer, impedir y destruir la presencia de mujeres en la pol\u00edtica?<\/p>\n\n\n\n<p>La clave, como siempre, est\u00e1 en la educaci\u00f3n; en la necesidad de desmitificar y sensibilizar, de eliminar patrones y conductas violentas. Lo cierto es que no se nace siendo feminista y consciente de que se es v\u00edctima de violencia y por eso es tan necesario hablarlo, denunciarlo y reflexionar lo que como sociedad se est\u00e1 en disposici\u00f3n de tolerar o erradicar.<\/p>\n\n\n\n<p>Seg\u00fan las autoras, \u201c<em>lo que provoca un cambio en la sociedad no son las leyes nuevas, sino las nuevas conciencias<\/em>\u201d; la \u201c<em>disposici\u00f3n sincera de escuchar sin prejuicios<\/em>\u201d y \u201c<em>el respeto amoroso por las diferencias<\/em>\u201d.<\/p>\n\n\n\n<p>El libro finaliza con un bell\u00edsimo agradecimiento a todas las mujeres que escribieron y que ojal\u00e1 invite a la reflexi\u00f3n para respetar y seguir el llamado que nos hacen a visibilizar, denunciar y sobre todo, transformar nuestras sociedades.<\/p>\n\n\n\n<p>\u201c<em>Cuando contamos nuestras historias a otras personas, cumplimos una voluntad ancestral. Ejercemos el arte de la memoria. Al compartirla, participamos en la construcci\u00f3n de los caminos de la memoria colectiva, nos recordamos a nosotros mismos y recordamos a los dem\u00e1s la fuerza del ser. Contar experiencias nos ayuda a digerirlas y ayuda a otros a alcanzar sus propias resoluciones<\/em>\u201d. <\/p>\n\n\n\n<p>Puede acceder al texto en PDF en el siguiente enlace: <\/p>\n\n\n\n<figure class=\"wp-block-embed is-type-wp-embed is-provider-clacso wp-block-embed-clacso\"><div class=\"wp-block-embed__wrapper\">\n<blockquote class=\"wp-embedded-content\" data-secret=\"ATrsaBIHwi\"><a href=\"https:\/\/www.clacso.org\/siempre-fue-sobre-nosotras\/\">Siempre fue sobre nosotras<\/a><\/blockquote><iframe class=\"wp-embedded-content\" sandbox=\"allow-scripts\" security=\"restricted\" style=\"position: absolute; clip: rect(1px, 1px, 1px, 1px);\" title=\"\u00abSiempre fue sobre nosotras\u00bb \u2014 CLACSO\" src=\"https:\/\/www.clacso.org\/siempre-fue-sobre-nosotras\/embed\/#?secret=Q3FI6TiX0j#?secret=ATrsaBIHwi\" data-secret=\"ATrsaBIHwi\" width=\"600\" height=\"338\" frameborder=\"0\" marginwidth=\"0\" marginheight=\"0\" scrolling=\"no\"><\/iframe>\n<\/div><\/figure>\n\n\n\n<div class=\"wp-block-themeisle-blocks-advanced-columns has-1-columns has-desktop-equal-layout has-tablet-equal-layout has-mobile-equal-layout has-default-gap has-vertical-unset\" id=\"wp-block-themeisle-blocks-advanced-columns-b2963039\"><div class=\"wp-block-themeisle-blocks-advanced-columns-overlay\"><\/div><div class=\"innerblocks-wrap\">\n<div class=\"wp-block-themeisle-blocks-advanced-column\" id=\"wp-block-themeisle-blocks-advanced-column-63116c6f\"><\/div>\n<\/div><\/div>\n","protected":false},"excerpt":{"rendered":"<p>T\u00edtulo del libro: Siempre fue sobre nosotras. Relatos de la violencia pol\u00edtica de g\u00e9nero en Brasil.Compiladora: Manuela D\u2019\u00c1vilaAutoras de cap\u00edtulo: Anielle Franco, Aurea Carolina, Benedita da Silva, Dilma Rousseff, Duda Salabert, Isa Penna, Jandira Feghali, J\u00f4 Moraes, Maria do Ros\u00e1rio, Marina Silva, S\u00f4nia Guajajara, Tabata Amaral, Tal\u00edria Petrone, Marlise Matos.A\u00f1o [&hellip;]<\/p>\n","protected":false},"author":1,"featured_media":2570,"parent":0,"menu_order":0,"comment_status":"closed","ping_status":"closed","template":"","meta":{"ngg_post_thumbnail":0,"_themeisle_gutenberg_block_has_review":false,"footnotes":""},"class_list":["post-2573","page","type-page","status-publish","has-post-thumbnail","hentry"],"_links":{"self":[{"href":"https:\/\/investiga.uned.ac.cr\/agendajoven\/wp-json\/wp\/v2\/pages\/2573","targetHints":{"allow":["GET"]}}],"collection":[{"href":"https:\/\/investiga.uned.ac.cr\/agendajoven\/wp-json\/wp\/v2\/pages"}],"about":[{"href":"https:\/\/investiga.uned.ac.cr\/agendajoven\/wp-json\/wp\/v2\/types\/page"}],"author":[{"embeddable":true,"href":"https:\/\/investiga.uned.ac.cr\/agendajoven\/wp-json\/wp\/v2\/users\/1"}],"replies":[{"embeddable":true,"href":"https:\/\/investiga.uned.ac.cr\/agendajoven\/wp-json\/wp\/v2\/comments?post=2573"}],"version-history":[{"count":0,"href":"https:\/\/investiga.uned.ac.cr\/agendajoven\/wp-json\/wp\/v2\/pages\/2573\/revisions"}],"wp:featuredmedia":[{"embeddable":true,"href":"https:\/\/investiga.uned.ac.cr\/agendajoven\/wp-json\/"}],"wp:attachment":[{"href":"https:\/\/investiga.uned.ac.cr\/agendajoven\/wp-json\/wp\/v2\/media?parent=2573"}],"curies":[{"name":"wp","href":"https:\/\/api.w.org\/{rel}","templated":true}]}}